 = 5, 0 = w - 5*b - 4. Let j = 3 + w. Let z = 5 + j. Let k(f) = -3*f**2 + 4*f - 2. Determine k(z).
-6
Let z(v) = -8*v + 1. Let t be 6/(-8)*(-148)/(-37). Determine z(t).
25
Let d = -21 + 34. Let k = d - 14. Let l(w) be the second derivative of -w**4/4 + w**3/6 + w**2/2 + 2*w. What is l(k)?
-3
Let x = 36 - 62. Suppose -127*f + 116*f - 275 = 0. Let c = x - f. Let l(d) = -15*d**3 - 1. Determine l(c).
14
Let l(w) = 5*w**2 + 3*w + 7 + 4*w**2 - 4*w**2 + w**2 - 7*w**2. Determine l(6).
-11
Let v be 3 - (-3)/((-6)/(-8)). Let o = v + -2. Let f(w) = w**3 - 5*w**2 - w**2 + 1 - 1 - 3 + 4*w. Determine f(o).
-8
Let z(x) = 26 + 14 - 36 + x. Determine z(-11).
-7
Let v = -13 + 3. Let o = v - -5. Let k(q) = -5*q**2 - 7*q - 4. Let h(t) = 6*t**2 + 8*t + 4. Let s(l) = 4*h(l) + 5*k(l). Determine s(o).
-14
Let r(f) = -f**2 - f. Let t be (-76)/(-19) - 5/1. Let a(q) = 2*q**2 - 7*q + 5. Let n(g) = t*a(g) - 3*r(g). Determine n(-8).
-21
Suppose 0 = v + 2 + 3. Let z(k) be the second derivative of 2*k**3/3 + 2*k**2 - 6*k. Calculate z(v).
-16
Suppose 4*o + 10*w - 17*w - 22 = 0, 0 = -4*w - 8. Let z(f) be the first derivative of f**3 - f - 1. What is z(o)?
11
Let q(j) = -j**3 - 6*j**2 + 28*j + 5. Suppose 11*z = -31 - 68. Determine q(z).
-4
Let u(o) = -5*o - 3*o**3 + 7 - 10*o**2 + 2*o**3 + 4*o**2. Let w(k) = -k**2 + 4*k + 11. Let p be w(6). Let v be 5/p*(-5 + 6). Give u(v).
7
Let i = 2 + -1. Let n(h) be the third derivative of h**6/8 - h**5/60 + 2*h**2 + 96*h. Give n(i).
14
Let n = -58 - -49. Let s(y) = y + 14. Let i be s(n). Let x(h) = -h**3 + 4*h**2 + 3*h + 3. Give x(i).
-7
Let q be (-154)/(-33)*(-6)/(-4). Let i = q - 2. Suppose r = -i*n - 12, r + 12 = 2*r - 3*n. Let p(a) = a**2 - 5*a + 3. Give p(r).
-3
Let b(y) = y**3 + y**2 - y - 11. Let p be 0/(-10 - -8) + 0. Calculate b(p).
-11
Let r(h) be the third derivative of h**5/60 + h**4/2 + 13*h**3/6 - 188*h**2. Calculate r(-12).
13
Let j(x) = -x**3 - 18*x**2 - 33*x - 22. Let i be j(-16). Let n be 5/(-5)*(-6)/1. Let d(t) = -3*t**2 - t + 2*t**2 - n*t. Determine d(i).
6
Let j(p) = -p - 2. Let b = 53 - 47. Let g(h) = 1. Let i(u) = b*g(u) - j(u). Calculate i(-8).
0
Let j(d) = -d**3 - 8*d**2 + d + 10. Let p be j(-8). Let m(q) = -8*q**2 + 3 - q**p - q + 2*q**3 - q**3 + 0*q**3. Let z = 119 + -110. What is m(z)?
-6
Let f = 5 - 2. Let j(b) be the third derivative of -1/120*b**6 + 1/2*b**3 - 1/24*b**4 + 0 + 1/30*b**5 + b + 16*b**2. What is j(f)?
-9
Let n(a) = a**2 + 8*a - 53. Let o be n(4). Let j(h) = -h - 6. What is j(o)?
-1
Suppose -3*z = 2*y - 26, 14*z = 19*z - 5*y - 10. Let j(b) = -b**3 + 8*b**2 - 5*b - 2. What is j(z)?
40
Let b(p) = p**2 + 7*p**3 - 4*p**3 - 2*p**3 + 7*p**3. Give b(1).
9
Let u(k) = -k + 15. Let l(o) = -9. Let j(h) = 3*l(h) + 2*u(h). Let i be (-2)/((1 - 1) + -1). Calculate j(i).
-1
Let h(m) = -8*m**2 + 9*m - 9. Let q(k) = -k**2 + k - 1. Let x(v) = -h(v) + 6*q(v). Let a(c) = c**2 - 2*c + 2. Let l(f) = -3*a(f) + 2*x(f). Determine l(-3).
9
Let x(h) = h + 9. Let k = -18 + 16. Let m be -1 - k/(-4)*6. What is x(m)?
5
Let n be ((-6)/4)/(5 - (-117)/(-26)). Let q(c) = -c**2 - 2*c - 2. What is q(n)?
-5
Suppose 2*y = 5 - 3. Let c = y + -1. Let l(s) = 23*s - 1 - 42*s + 20*s + 11. Give l(c).
10
Let a = 7 + -5. Let b(y) be the third derivative of y**6/120 - y**4/12 + y**3/2 - 214*y**2. Give b(a).
7
Suppose -2*z = -m - 3, m = -3*z - m + 8. Let y(j) = -5*j + 3*j**3 + 4*j + 5 - z*j**3 + j**2. Calculate y(0).
5
Let m(z) be the first derivative of z**4/4 + z - 1. Let r = -13 + 15. Suppose -l + 0*l + r*w = -2, 4*w = -4. Determine m(l).
1
Let t(y) = -y**3 + y**2 - y + 7. Let w(f) = 5*f**2 - 4*f. Let d(q) = -q**2. Let b(v) = 6*d(v) + w(v). Let p be b(0). What is t(p)?
7
Let k = 41 - 45. Let v be (1/2 - 0)*k. Let h be ((-1)/v)/(6/12). Let t(u) = -5*u**2 - 1. Give t(h).
-6
Let v be ((-16)/(-3))/(16/72). Suppose -4 - v = 5*i - 3*m, 4*m = -4*i - 16. Let t(c) be the third derivative of -c**4/8 - c**3/3 + 2*c**2 + 10*c. Give t(i).
13
Let d(a) = a**3 + 8*a**2 + a + 2. Suppose 43*n - 6*n + 296 = 0. Give d(n).
-6
Let y(b) be the first derivative of -2 - b + 1/3*b**3 + 1/2*b**2. Suppose -l - 2 = -2*u - 7, -2*u - l + 1 = 0. Give y(u).
-1
Let a(f) = -f**2 + 2*f + 1. Let t(x) = -4*x**2 + 16*x - 5. Let q be t(3). Determine a(q).
-34
Suppose -15 - 7 = -5*i + 4*a, 4*i + 4*a - 32 = 0. Let r(b) = -6 + 14 + 0*b - b**2 - i*b + 0*b. What is r(-6)?
8
Let h = -281 + 281. Let o(y) be the first derivative of h*y**2 - 3 + 1/2*y**4 + 2*y + 2/3*y**3. Give o(-2).
-6
Let f(o) = o**3 + 7*o**2 + 5*o - 6. Let m = -1 - 0. Let t be 15/(-10)*2 - (-1 - -3). Let b = m + t. Calculate f(b).
0
Let k(d) = -d - 22. Suppose 5*l - 4*c = -70, -c + 25 = -6*c. Give k(l).
-4
Suppose 7 = 2*s + 3. Let l(b) = -94 + 0*b + b**s + 5*b + 93. Give l(-5).
-1
Suppose 30 = 5*i + 2*z - z, -4*z + 10 = -2*i. Let a(k) = k. Let c(l) = -2*l. Let d(f) = -3*a(f) - 2*c(f). What is d(i)?
5
Let c be (-2 + 3 + 0)/1. Suppose 2*a = -5 + c. Let t(s) = s**2 + 2*s + 1. Determine t(a).
1
Let u(c) be the first derivative of -1/30*c**5 + 0*c**2 + 1/6*c**4 - 8 + 4/3*c**3 + 0*c. Let j(w) be the third derivative of u(w). Determine j(3).
-8
Let j(g) be the third derivative of -g**4/24 - 3*g**3/2 + g**2. Let s(w) = w**3 - 56*w**2 - 79*w + 1254. Let f be s(57). Give j(f).
-9
Let i(m) = 5*m - 15. Let p be i(12). Let b be (-10)/p + (-20)/(-9). Let h(z) = 2*z**2 - b*z - 3 + 2*z + 4. Calculate h(2).
9
Let r(h) = -3*h**2 + 2. Let o(t) = -7*t**2 + t + 5. Let l(j) = 2*o(j) - 5*r(j). Suppose -20*u = 2*u + 66. What is l(u)?
3
Let b be 9/(-4) - 126/(-24). Let s(n) be the second derivative of -5/2*n**2 + 0 - 5/6*n**b - 1/12*n**4 - 10*n. Give s(-4).
-1
Let r(u) = 2*u**2 + 3*u + 3. Suppose -7*n + 72 = -3*n. Let q = 16 - n. Determine r(q).
5
Let b = -69 + 81. Let f = b + -6. Let l(g) = -3*g + 9. Calculate l(f).
-9
Suppose -73*k + 67*k = 36. Let g(n) = -n**3 - 5*n**2 + 7*n + 6. What is g(k)?
0
Let k(i) = -i - 34. Let a(n) = 11. Let c(o) = 11*a(o) + 4*k(o). Let m be c(-3). Let p(v) = -v + 1. What is p(m)?
4
Let g(n) = -5*n - 1. Suppose 2 = i - 28*j + 27*j, -9 = 3*j. Determine g(i).
4
Let x(d) be the first derivative of d**5/20 + 5*d**4/12 + d**3/3 - 31*d - 8. Let n(m) be the first derivative of x(m). Determine n(-5).
-10
Let c(t) = -t**2 - 3*t + 11. Let m be c(-5). Let a(y) = -3*y - m - 4 + 7. Calculate a(-4).
14
Let x(c) = c**2 - 5*c - 8. Let h(g) = -g - 2. Let k be h(-7). Suppose k*m - 8 = -3*l, -2*m = 2*l - 3*m - 14. Calculate x(l).
-2
Let h(g) = -3*g**2 + g + 7. Let r(f) = -7*f**2 + 14 - 3*f**2 + 2*f + 4*f**2 - f**2. Let s(c) = 5*h(c) - 2*r(c). Give s(0).
7
Let i be 2 + -2 + 6 + (37 - 41). Let b(s) = 5*s**3 - 3*s**2. What is b(i)?
28
Let o(n) = -7 + 2*n**2 + 2*n**2 + 9*n - 8*n**2 + 3*n**2. Give o(7).
7
Let y(c) be the first derivative of -c**4/4 + 10*c**3/3 - 3*c**2/2 + 17*c + 56. Calculate y(10).
-13
Let f(r) be the second derivative of 0*r**2 + 1/12*r**4 + 30*r - 1/20*r**5 + 0 - 1/6*r**3. Determine f(2).
-6
Suppose 5*q - 7*q = -46. Suppose 5*g - q = -8. Let l(v) = 7*v - v - v**2 + g*v - 8*v - 2. Calculate l(0).
-2
Suppose -14 = -2*t + 3*u - 5, 0 = 2*t - u - 19. Let g(x) = -1 + 4*x**2 + t*x**2 - 2*x**2. Suppose -d + 4 = 3*d. Determine g(d).
13
Let z(s) = -s + 1. Let l be z(-1). Suppose 0 = -l*m + 4*k - 8, 20 = -5*m + 5*k. Let h(b) be the second derivative of b**3/6 - 2*b**2 - 2*b. What is h(m)?
-8
Let b(h) = h. Let d(v) be the first derivative of -3*v**2/2 + v - 1. Let f(j) = -2*b(j) + d(j). Let w be (-8)/(-20) - (-28)/(-20). Determine f(w).
6
Let s(u) = 8*u**2 + u + 1. Suppose 2*g - 283 + 279 = 0. Give s(g).
35
Let m be (-6)/39 - 134/(-26). Suppose -m*v + 14 = 4*k, 3*k + 2*v - 6 - 1 = 0. Let s(l) = -l + 11*l - 9*l - k. What is s(-4)?
-5
Let s(q) = 4*q + 73. Let k = 2347 + -2365. Calculate s(k).
1
Suppose -87*s - 28 = -83*s. Let w(l) = l**2 + 8*l + 2. Calculate w(s).
-5
Let c(z) = -3*z**2 - 3*z. Let y(t) = -14*t**2 - 12*t - 1. Let d(u) = -9*c(u) + 2*y(u). Determine d(8).
-42
Let s(q) = -5*q**2 - 4*q + 9. Let f(u) = 9*u**2 + 7*u - 17. Let l(x) = -4*f(x) - 7*s(x). Suppose -4*b + b - 72 = 0. Let a = b - -24. Calculate l(a).
5
Suppose -46*y - 408 = 22*y. Let x(c) = -c**2 - 9*c - 2*c + 2*c - 4. Determine x(y).
14
Let o(u) be the second derivative of 1/2*u**2 + 0 + 1/12*u**4 + 7/20*u**5 + u + 1/3*u**3. Determine o(-1).
-7
Let n(k) = -2*k -